s divided by m?
9
Suppose -2*x + 4 + 35 = -n, -24 = -x + 2*n. What is the remainder when (15/(-9) - 7)*-6 is divided by x/(-3)*18/(-4)?
25
Let z = -1 + 1. Suppose 4*n - 4*k - 44 = z, -19 = -4*n - k - 0*k. Suppose -68 = 5*b - 9*b. What is the remainder when b is divided by n?
5
Let j(k) = 3*k**2 + 14*k - 5. Let q be (-304)/(-6) - (-7)/21. Let m = 105 - q. What is the remainder when m is divided by j(-6)?
16
Calculate the remainder when 561 is divided by 5456/58 - 50/725.
91
Let i = 9 + -21. Let d = 23 + i. Suppose 2*t + 3*t = 100. Calculate the remainder when t is divided by d.
9
What is the remainder when 114 is divided by (-1*(-2 + 1))/((-23)/(-299))?
10
What is the remainder when 152 is divided by (1 - -1)/(5/(13 - -147))?
24
Let f(r) = 5*r + 56. What is the remainder when 81 is divided by f(-3)?
40
Let i(w) = w**3 - 7*w**2 + 10*w - 9. Calculate the remainder when 303 is divided by i(7).
59
Let f = -16 - -1. Let c = 31 + f. What is the remainder when c is divided by 9?
7
Let w(m) = m**2 - 3*m - 4. Let b be w(4). Let k be b/((1 + 0)*2). Suppose k = 5*c - 25, z + 2*c = 4*c + 11. What is the remainder when z is divided by 11?
10
Calculate the remainder when 48 is divided by (0 + -15)*10*(-4)/24.
23
Let c(o) = o**2 + 11*o - 144. What is the remainder when 37 is divided by c(8)?
5
Suppose -117*o = -128*o + 572. Let g be (-42)/(-4) + (-1)/2. Calculate the remainder when 9 is divided by o/g + (-7)/35.
4
Suppose 4*u + u = 2*v - 24, -3*u - 16 = -2*v. Let n be 24/v*2/(-3). Let t = n - -24. Calculate the remainder when t is divided by 10.
6
Suppose 4*z - 444 = 4*y, 4*y + 16 + 0 = 0. Let o(w) = -w + 1. Let s be o(-4). Let b = s - -22. Calculate the remainder when z is divided by b.
26
Let r = -7 - -11. What is the remainder when r is divided by (-2)/(-28) - (8 - 3672/336)?
1
Suppose -1168 = -7*m + 127. What is the remainder when m is divided by 11?
9
Let d = -828 + 837. Calculate the remainder when 37 is divided by d.
1
Let x = -5 + 14. Let f = 5 + 14. What is the remainder when f is divided by x?
1
Suppose 10 = -5*h, 5*j - 3*h - 19 = -h. Let o(r) = r**2 - 8*r - 1. Let s be o(8). What is the remainder when j is divided by s*(15 - 3)/(-4)?
0
Let i(q) = -12*q + 15. Let r be i(-3). Let w = r + 13. What is the remainder when w is divided by 14?
8
Let n(a) = 2*a**2 + 8*a - 3. What is the remainder when n(-7) is divided by 1776/126 - 4*2/84?
11
Suppose 0 = 4*r - 20, 2*r + 222 = 6*w - 2*w. Let f = w - 39. Calculate the remainder when (-2 - -22)*(-14)/(-5) is divided by f.
18
Suppose 3*w = 44 - 8. Calculate the remainder when 42 is divided by w.
6
Let y be 0 - (-5 + 3) - (-5 - -1). Suppose -8*i + y*i = -10. Calculate the remainder when 98 is divided by i.
3
Suppose g - 109 = 3*a, -3*g + 61*a = 58*a - 303. Calculate the remainder when g is divided by 11.
9
Let c = -351 + 373. What is the remainder when 33 is divided by c?
11
Let v = 17 + 6. Suppose -v*z + 17 = -22*z. Calculate the remainder when (-263)/(-4) - (-1)/4 is divided by z.
15
Suppose 772 = -11*p - 317. Let k = p + 140. Calculate the remainder when k is divided by 21.
20
Let y = 54 - -13. What is the remainder when y is divided by 41?
26
Suppose 0 = -2*q - 2*j + 14, 0 = -5*q + 4*j + 39 + 5. Let n = 55 + -39. What is the remainder when n is divided by q?
0
Suppose -1320 = -9*d + d. Calculate the remainder when d is divided by 25.
15
Let o(m) = -m**3 - 5*m**2 - 6*m + 5. What is the remainder when o(-5) is divided by (-39)/(-6)*(6 + (-28)/7)?
9
Suppose 0 = b + m - 18 - 7, -3*b = 2*m - 78. Suppose -39*i + 41*i = 8, -5*y + 3*i = -33. Calculate the remainder when b is divided by y.
1
Suppose 0*s - 47 = -5*x + s, 2*s + 24 = 3*x. Let o(g) = 14*g - 35. What is the remainder when o(5) is divided by x?
5
Suppose 95*h - 93*h - 28 = 0. Calculate the remainder when 333 is divided by h.
11
Let g(k) = 14*k + 362. Suppose 6 = -2*x - x, s - 3*x = 21. What is the remainder when g(-22) is divided by s?
9
Suppose -19*z + 18*z + 381 = 0. Calculate the remainder when z is divided by 55.
51
Let c = 664 - 413. What is the remainder when c is divided by 52?
43
What is the remainder when 4/(-2*5/(-350)) is divided by 49?
42
Suppose 48 = -6*j + 12*j. What is the remainder when 9 is divided by j?
1
Let c = -9 + 15. Suppose 0 = c*s - 132. What is the remainder when 86 is divided by s?
20
Let j(h) = 12*h - 9. Let c be j(3). Suppose -c = -9*o + 8*o. Calculate the remainder when o is divided by 7.
6
Let m = -707 + 721. Calculate the remainder when 390 is divided by m.
12
Let q = 593 + -567. What is the remainder when 92 is divided by q?
14
Suppose 0 = -n + 3*k + 276, 5*k - 1 + 11 = 0. Calculate the remainder when n is divided by 56.
46
Let a = 125 + -106. What is the remainder when 110 is divided by a?
15
Let h(y) = -19*y**3 - y**2 - 2*y - 1. Calculate the remainder when 36 is divided by h(-1).
17
Let k = -114 + 279. Calculate the remainder when k is divided by 28.
25
Let q = 9 + 43. Let s = q + -17. Calculate the remainder when 173 is divided by s.
33
Let a = 325 + -305. What is the remainder when 49 is divided by a?
9
Suppose 0 = -5*s - 2*p + 204, -5*s - p + 201 = 2*p. Let n = s - 23. Suppose o + 4*b + 2 - 18 = 0, o - 41 = b. What is the remainder when o is divided by n?
17
Let b = 161 + -12. What is the remainder when b is divided by 76?
73
Suppose 0*j + 4*h = -j + 52, -3*j = -2*h - 86. Let g be 366/4*j/(-24). Calculate the remainder when (g/(-4))/(9/18) is divided by 16.
13
Let b(q) = q**3 + 4*q**2 - 10*q - 4. Let f = -22 + 24. Suppose -u + 5 = -2*k - 0, -k + 5 = -f*u. Calculate the remainder when 41 is divided by b(u).
20
Let v(j) = -j + 17. Let n be 8/(-20) + (-14)/(-10). What is the remainder when -2 + n + (1 - -3) is divided by v(15)?
1
Let x(c) = c**3 + 6*c**2 - 9*c + 2. Let r be (((-28)/2)/(-2))/(-1). Let q be x(r). What is the remainder when (q/(-20))/((-2)/30) is divided by 4?
0
Suppose -2*v + 132 = -y + 31, -5*y = -v + 64. Suppose 5*w = 3*s + 1206, -5*w + s = 2*s - 1218. Calculate the remainder when w is divided by v.
47
Let v(k) = -k**3 - k**2 - 5*k - 5. Let r be 3 + (0 - 0) + 45. What is the remainder when 1 + 0 - r/(-2) is divided by v(-2)?
7
Suppose 3*i - 28 - 47 = 0. Let w = -4 + i. Calculate the remainder when w is divided by 8.
5
Let l be (-693)/(-12) - (-2)/8. Suppose 4*p - l = -v - v, 5*p - 4*v - 105 = 0. What is the remainder when 48 is divided by p?
14
Suppose -t - 3*k - 66 = -2*t, -70 = -t + 4*k. Calculate the remainder when t - 0 - (0 - 1) is divided by 17 - 5/((-5)/2).
17
Suppose -3*f - 13 = 17. Suppose q + c - 9 = 0, 0*q - 4*q + 36 = -5*c. What is the remainder when q is divided by 2/(6/f + 1)?
4
Let t(h) = h**3 - 41*h**2 + 182*h - 26. What is the remainder when 505 is divided by t(36)?
45
Let d(r) = -17*r + 5. Let n(s) = 1. Let l(k) = -d(k) + 4*n(k). Let q(y) = 6*y**2 + 2*y + 1. What is the remainder when q(2) is divided by l(1)?
13
What is the remainder when 101 is divided by (-59 + -1)*22/(-44)?
11
Suppose -2*m + 6 = -0*m. Suppose -m*t + 14 = 4*t. Suppose x + t = 20. Calculate the remainder when 51 is divided by x.
15
Let n = 16 - 27. Let j be ((-1)/(-2))/(n/110). Let c = 9 + j. Calculate the remainder when 5 is divided by c.
1
Let h(d) = 3*d**2 - 4*d + 2. Let u be h(4). Let w = u - 19. What is the remainder when 13 is divided by (-22)/(-5) - w/(-25)?
3
Let p be (-4 - 3) + 2 - -3. Let l(o) = -o**3 - 2*o**2 + o + 1. Let h be l(p). Let x(m) = 10*m**2 + m + 1. Calculate the remainder when 29 is divided by x(h).
9
Calculate the remainder when -1*(2 + 2) - (-49 - -2) is divided by -2 - (-25)/(3 - 2).
20
Let n(v) = -25*v - 224. Calculate the remainder when 63 is divided by n(-9).
0
Let g = -782 - -830. What is the remainder when g is divided by 5?
3
Let l(i) = i**2 - 12*i + 43. Calculate the remainder when l(13) is divided by 16.
8
Let p(f) be the first derivative of -f**4/4 - 2*f**3/3 + 2*f**2 - f - 1. Suppose x + 4693 = 4707. Calculate the remainder when p(-5) is divided by x.
12
Let o = -3986 - -3999. Let f(x) = 5 - x**2 - 49*x**3 - 4 + 0. Calculate the remainder when f(-1) is divided by o.
10
Suppose -5*k + 2*f - 6*f + 340 = 0, 2*f = 3*k - 204. What is the remainder when k is divided by (-152)/(-11) - 74/(-407)?
12
Let k(m) be the first derivative of m**2 - 25*m + 17. Suppose 0 = n - 3*n + 3*q - 1, n +